{"id":3802,"date":"2021-11-19T11:45:28","date_gmt":"2021-11-19T11:45:34","guid":{"rendered":"https:\/\/articsnowbikes.com\/?post_type=product&#038;p=3802"},"modified":"2022-02-04T11:32:24","modified_gmt":"2022-02-04T11:32:24","slug":"pack-artic-extreme-experience-location-a-la-journee-pour-2-personnes","status":"publish","type":"product","link":"https:\/\/articsnowbikes.com\/fr\/producto\/pack-artic-extreme-experience-location-a-la-journee-pour-2-personnes\/","title":{"rendered":"PACK ARTIC EXTREME EXPERIENCE | LOCATION \u00c0 LA JOURN\u00c9E POUR 2 PERSONNES21-location-a-la-journee-pour-2-personn"},"content":{"rendered":"<p>[et_pb_section fb_built=\u00a0\u00bb1&Prime; _builder_version=\u00a0\u00bb3.22&Prime; custom_padding=\u00a0\u00bb0px||||false|false\u00a0\u00bb global_colors_info=\u00a0\u00bb{}\u00a0\u00bb][et_pb_row _builder_version=\u00a0\u00bb3.25&Prime; background_size=\u00a0\u00bbinitial\u00a0\u00bb background_position=\u00a0\u00bbtop_left\u00a0\u00bb background_repeat=\u00a0\u00bbrepeat\u00a0\u00bb width=\u00a0\u00bb100%\u00a0\u00bb custom_padding=\u00a0\u00bb0px||0px||false|false\u00a0\u00bb global_colors_info=\u00a0\u00bb{}\u00a0\u00bb][et_pb_column type=\u00a0\u00bb4_4&Prime; _builder_version=\u00a0\u00bb3.25&Prime; custom_padding=\u00a0\u00bb|||\u00a0\u00bb global_colors_info=\u00a0\u00bb{}\u00a0\u00bb custom_padding__hover=\u00a0\u00bb|||\u00a0\u00bb][et_pb_wc_breadcrumb _builder_version=\u00a0\u00bb3.0.47&Prime; global_colors_info=\u00a0\u00bb{}\u00a0\u00bb][\/et_pb_wc_breadcrumb][et_pb_wc_cart_notice _builder_version=\u00a0\u00bb3.0.47&Prime; global_colors_info=\u00a0\u00bb{}\u00a0\u00bb][\/et_pb_wc_cart_notice][\/et_pb_column][\/et_pb_row][et_pb_row column_structure=\u00a0\u00bb1_2,1_2&Prime; _builder_version=\u00a0\u00bb3.25&Prime; background_size=\u00a0\u00bbinitial\u00a0\u00bb background_position=\u00a0\u00bbtop_left\u00a0\u00bb background_repeat=\u00a0\u00bbrepeat\u00a0\u00bb width=\u00a0\u00bb100%\u00a0\u00bb custom_padding=\u00a0\u00bb0px||||false|false\u00a0\u00bb global_colors_info=\u00a0\u00bb{}\u00a0\u00bb][et_pb_column type=\u00a0\u00bb1_2&Prime; _builder_version=\u00a0\u00bb3.25&Prime; custom_padding=\u00a0\u00bb|||\u00a0\u00bb global_colors_info=\u00a0\u00bb{}\u00a0\u00bb custom_padding__hover=\u00a0\u00bb|||\u00a0\u00bb][et_pb_wc_images show_product_gallery=\u00a0\u00bboff\u00a0\u00bb _builder_version=\u00a0\u00bb4.0.5&Prime; global_colors_info=\u00a0\u00bb{}\u00a0\u00bb][\/et_pb_wc_images][\/et_pb_column][et_pb_column type=\u00a0\u00bb1_2&Prime; _builder_version=\u00a0\u00bb3.25&Prime; custom_padding=\u00a0\u00bb|||\u00a0\u00bb global_colors_info=\u00a0\u00bb{}\u00a0\u00bb custom_padding__hover=\u00a0\u00bb|||\u00a0\u00bb][et_pb_wc_title product=\u00a0\u00bb3802&Prime; _builder_version=\u00a0\u00bb4.13.1&Prime; _module_preset=\u00a0\u00bbdefault\u00a0\u00bb global_colors_info=\u00a0\u00bb{}\u00a0\u00bb][\/et_pb_wc_title][et_pb_wc_rating _builder_version=\u00a0\u00bb3.0.47&Prime; global_colors_info=\u00a0\u00bb{}\u00a0\u00bb][\/et_pb_wc_rating][et_pb_wc_price _builder_version=\u00a0\u00bb3.0.47&Prime; global_colors_info=\u00a0\u00bb{}\u00a0\u00bb][\/et_pb_wc_price][et_pb_wc_description _builder_version=\u00a0\u00bb3.0.47&Prime; global_colors_info=\u00a0\u00bb{}\u00a0\u00bb][\/et_pb_wc_description][et_pb_wc_add_to_cart _builder_version=\u00a0\u00bb3.0.47&Prime; global_colors_info=\u00a0\u00bb{}\u00a0\u00bb][\/et_pb_wc_add_to_cart][et_pb_wc_meta _builder_version=\u00a0\u00bb3.0.47&Prime; global_colors_info=\u00a0\u00bb{}\u00a0\u00bb][\/et_pb_wc_meta][\/et_pb_column][\/et_pb_row][et_pb_row _builder_version=\u00a0\u00bb3.25&Prime; background_size=\u00a0\u00bbinitial\u00a0\u00bb background_position=\u00a0\u00bbtop_left\u00a0\u00bb background_repeat=\u00a0\u00bbrepeat\u00a0\u00bb width=\u00a0\u00bb100%\u00a0\u00bb global_colors_info=\u00a0\u00bb{}\u00a0\u00bb][et_pb_column type=\u00a0\u00bb4_4&Prime; _builder_version=\u00a0\u00bb3.25&Prime; custom_padding=\u00a0\u00bb|||\u00a0\u00bb global_colors_info=\u00a0\u00bb{}\u00a0\u00bb custom_padding__hover=\u00a0\u00bb|||\u00a0\u00bb][et_pb_wc_gallery fullwidth=\u00a0\u00bboff\u00a0\u00bb show_title_and_caption=\u00a0\u00bboff\u00a0\u00bb _builder_version=\u00a0\u00bb4.0.5&Prime; global_colors_info=\u00a0\u00bb{}\u00a0\u00bb][\/et_pb_wc_gallery][et_pb_wc_tabs disabled_on=\u00a0\u00bbon|on|on\u00a0\u00bb _builder_version=\u00a0\u00bb3.0.47&Prime; disabled=\u00a0\u00bbon\u00a0\u00bb global_colors_info=\u00a0\u00bb{}\u00a0\u00bb]\t\t\t\t\t[\/et_pb_wc_tabs][et_pb_wc_upsells _builder_version=\u00a0\u00bb3.0.47&Prime; global_colors_info=\u00a0\u00bb{}\u00a0\u00bb][\/et_pb_wc_upsells][et_pb_wc_related_products _builder_version=\u00a0\u00bb3.0.47&Prime; global_colors_info=\u00a0\u00bb{}\u00a0\u00bb][\/et_pb_wc_related_products][\/et_pb_column][\/et_pb_row][\/et_pb_section]<\/p>\n","protected":false},"excerpt":{"rendered":"<div style=\"background-color: #333333; padding: 10px 10px 0 10px; border-radius: 3px; color: #fff!important; text-align: center; max-width: 214px; margin-bottom: 12px;\">\n<h4 style=\"color: #ffffff; font-weight: 500;\">Livraison gratuite!<\/h4>\n<\/div>\n<p>Amusez-vous, partagez et offrez l&rsquo;adr\u00e9naline de l&rsquo;exp\u00e9rience arctique. Le Pack Extreme 2021 vous permet de louer deux Snowbikes pendant une journ\u00e9e enti\u00e8re pour partager les descentes les plus extr\u00eames sur les pistes. Il comprend \u00e9galement une le\u00e7on d&rsquo;introduction d&rsquo;une heure avec une explication du fonctionnement et de la conduite des snowbikes, avec l&rsquo;aide de notre meilleure \u00e9quipe de professionnels.<\/p>\n<p>Vous pouvez r\u00e9cup\u00e9rer les snowbikes \u00e0 notre magasin de Caldes de Montbui ou nous les livrons nous-m\u00eames dans les Pyr\u00e9n\u00e9es catalanes ou en Andorre.<\/p>\n<p>La v\u00e9ritable aventure commence avec l&rsquo;excitation du pack Artic Extreme 2021.<\/p>\n","protected":false},"featured_media":3806,"comment_status":"open","ping_status":"closed","template":"","meta":{"_et_pb_use_builder":"on","_et_pb_old_content":"","_et_gb_content_width":""},"product_cat":[31],"product_tag":[],"class_list":{"0":"post-3802","1":"product","2":"type-product","3":"status-publish","4":"has-post-thumbnail","6":"product_cat-snow-bikes-de","7":"product_shipping_class-envio-por-mensajeria-fr","9":"first","10":"instock","11":"taxable","12":"shipping-taxable","13":"purchasable","14":"product-type-simple"},"_links":{"self":[{"href":"https:\/\/articsnowbikes.com\/fr\/wp-json\/wp\/v2\/product\/3802","targetHints":{"allow":["GET"]}}],"collection":[{"href":"https:\/\/articsnowbikes.com\/fr\/wp-json\/wp\/v2\/product"}],"about":[{"href":"https:\/\/articsnowbikes.com\/fr\/wp-json\/wp\/v2\/types\/product"}],"replies":[{"embeddable":true,"href":"https:\/\/articsnowbikes.com\/fr\/wp-json\/wp\/v2\/comments?post=3802"}],"wp:featuredmedia":[{"embeddable":true,"href":"https:\/\/articsnowbikes.com\/fr\/wp-json\/wp\/v2\/media\/3806"}],"wp:attachment":[{"href":"https:\/\/articsnowbikes.com\/fr\/wp-json\/wp\/v2\/media?parent=3802"}],"wp:term":[{"taxonomy":"product_cat","embeddable":true,"href":"https:\/\/articsnowbikes.com\/fr\/wp-json\/wp\/v2\/product_cat?post=3802"},{"taxonomy":"product_tag","embeddable":true,"href":"https:\/\/articsnowbikes.com\/fr\/wp-json\/wp\/v2\/product_tag?post=3802"}],"curies":[{"name":"wp","href":"https:\/\/api.w.org\/{rel}","templated":true}]}}

PACK ARTIC EXTREME EXPERIENCE | LOCATION À LA JOURNÉE POUR 2 PERSONNES21-location-a-la-journee-pour-2-personn

<div style="background-color: #333333; padding: 10px 10px 0 10px; border-radius: 3px; color: #fff!important; text-align: center; max-width: 214px; margin-bottom: 12px;">
<h4 style="color: #ffffff; font-weight: 500;">Livraison gratuite!</h4>
</div>
<p>Amusez-vous, partagez et offrez l&rsquo;adrénaline de l&rsquo;expérience arctique. Le Pack Extreme 2021 vous permet de louer deux Snowbikes pendant une journée entière pour partager les descentes les plus extrêmes sur les pistes. Il comprend également une leçon d&rsquo;introduction d&rsquo;une heure avec une explication du fonctionnement et de la conduite des snowbikes, avec l&rsquo;aide de notre meilleure équipe de professionnels.</p>
<p>Vous pouvez récupérer les snowbikes à notre magasin de Caldes de Montbui ou nous les livrons nous-mêmes dans les Pyrénées catalanes ou en Andorre.</p>
<p>La véritable aventure commence avec l&rsquo;excitation du pack Artic Extreme 2021.</p>
